{"id":1924,"date":"2019-10-22T16:56:22","date_gmt":"2019-10-22T14:56:22","guid":{"rendered":"https:\/\/upi.fme.vutbr.cz\/exper_zaklad\/drying-and-sintering-kilns\/"},"modified":"2022-04-08T08:50:39","modified_gmt":"2022-04-08T06:50:39","slug":"drying-and-sintering-kilns","status":"publish","type":"exper_zaklad","link":"https:\/\/upi.fme.vutbr.cz\/en\/exper_zaklad\/drying-and-sintering-kilns\/","title":{"rendered":"Drying and sintering kilns"},"content":{"rendered":"\n<figure class=\"wp-block-image alignwide size-large\"><img loading=\"lazy\" decoding=\"async\" width=\"650\" height=\"319\" src=\"https:\/\/upi.fme.vutbr.cz\/wp-content\/uploads\/2019\/09\/susici_a_sintrovaci_pec.jpg\" alt=\"\" class=\"wp-image-1925\" srcset=\"https:\/\/upi.fme.vutbr.cz\/wp-content\/uploads\/2019\/09\/susici_a_sintrovaci_pec.jpg 650w, https:\/\/upi.fme.vutbr.cz\/wp-content\/uploads\/2019\/09\/susici_a_sintrovaci_pec-300x147.jpg 300w\" sizes=\"auto, (max-width: 650px) 100vw, 650px\" \/><\/figure>\n\n\n\n<div style=\"height:40px\" aria-hidden=\"true\" class=\"wp-block-spacer\"><\/div>\n\n\n\n<h2 class=\"wp-block-heading\">Drying kiln<\/h2>\n\n\n\n<p>Drying kiln is equipped with the rotating drum with replaceable lifters. Lifters can be changed according to the material properties. Tilt and rotational speed are adjustable. Drying air is heated up by the burner operating on natural gas. Drying kiln can be operated either in parallel or counter flow regime.<\/p>\n\n\n\n<div style=\"height:20px\" aria-hidden=\"true\" class=\"wp-block-spacer\"><\/div>\n\n\n\n<figure class=\"wp-block-table\"><table><tbody><tr><td>Drying capacity<\/td><td>37.5&nbsp;kg\/h of water<\/td><\/tr><tr><td>Variable tilt<\/td><td>1&nbsp;\u2013 30&nbsp;%<\/td><\/tr><tr><td>Variable drum speed<\/td><td>0.1&nbsp;\u20136 rpm<\/td><\/tr><tr><td>Variable drying temperature<\/td><td>80&nbsp;\u2013 350&nbsp;\u00b0C<\/td><\/tr><tr><td>Maximum material intake<\/td><td>max. 100&nbsp;kg\/h<\/td><\/tr><tr><td>Output material humidity<\/td><td>20&nbsp;%<\/td><\/tr><\/tbody><\/table><\/figure>\n\n\n\n<div style=\"height:40px\" aria-hidden=\"true\" class=\"wp-block-spacer\"><\/div>\n\n\n\n<h2 class=\"wp-block-heading\">Sintering kiln<\/h2>\n\n\n\n<p>Sintering kiln has variable length, it can be adjusted in a&nbsp;range from 3&nbsp;to 7&nbsp;meters. In front of the sintering kiln a&nbsp;container with the auger filler is located. The kiln has variable tilt and rotational speed, which affects the residence time of material. Both parallel and counter flow regimes are possible.<\/p>\n\n\n\n<div style=\"height:20px\" aria-hidden=\"true\" class=\"wp-block-spacer\"><\/div>\n\n\n\n<figure class=\"wp-block-table\"><table><tbody><tr><td>Capacity<\/td><td>35&nbsp;kg\/h<\/td><\/tr><tr><td>Variable tilt<\/td><td>1&nbsp;\u2013 30&nbsp;%<\/td><\/tr><tr><td>Variable drum speed<\/td><td>0.1&nbsp;\u2013 6&nbsp;rpm<\/td><\/tr><tr><td>Maximum operating temperature<\/td><td>1350&nbsp;\u00b0C<\/td><\/tr><tr><td>Grain size of the material<\/td><td>3&nbsp;\u2013 20&nbsp;mm<\/td><\/tr><\/tbody><\/table><\/figure>\n\n\n\n<div style=\"height:40px\" aria-hidden=\"true\" class=\"wp-block-spacer\"><\/div>\n\n\n\n<h2 class=\"wp-block-heading\">For download<\/h2>\n\n\n\n<p><a href=\"https:\/\/upi.fme.vutbr.cz\/wp-content\/uploads\/2022\/04\/Let\u00e1k-Sus\u00edc\u00ed-a-sintrovac\u00ed-pece-EN-bg.pdf\">Leaflet of drying and sintering kilns<\/a>&nbsp;(PDF)<\/p>\n\n\n\n<h2 class=\"wp-block-heading\">Contact information<\/h2>\n\n\n\n<p><a href=\"https:\/\/www.vut.cz\/en\/people\/pavel-skryja-16849\">Ing. Pavel SKRYJA, Ph.D.<\/a><br>Institute of Process Engineering<br>building\u00a0<a href=\"http:\/\/www.fme.vutbr.cz\/planek\/\">D5 (NETME Centre)<\/a>, 4<sup>th<\/sup>\u00a0floor, office No. 441<br>e-mail:\u00a0<a href=\"mailto:skryja@fme.vutbr.cz\">skryja@fme.vutbr.cz<\/a><br>phone: +420\u00a0541\u00a0144\u00a0958<\/p>\n","protected":false},"featured_media":1925,"template":"","class_list":["post-1924","exper_zaklad","type-exper_zaklad","status-publish","has-post-thumbnail","hentry"],"acf":[],"yoast_head":"<!-- This site is optimized with the Yoast SEO plugin v24.5 - https:\/\/yoast.com\/wordpress\/plugins\/seo\/ -->\n<title>Drying and sintering kilns - \u00dastav procesn\u00edho in\u017een\u00fdrstv\u00ed<\/title>\n<meta name=\"robots\" content=\"index, follow, max-snippet:-1, max-image-preview:large, max-video-preview:-1\" \/>\n<link rel=\"canonical\" href=\"https:\/\/upi.fme.vutbr.cz\/en\/exper_zaklad\/drying-and-sintering-kilns\/\" \/>\n<meta property=\"og:locale\" content=\"en_US\" \/>\n<meta property=\"og:type\" content=\"article\" \/>\n<meta property=\"og:title\" content=\"Drying and sintering kilns - \u00dastav procesn\u00edho in\u017een\u00fdrstv\u00ed\" \/>\n<meta property=\"og:description\" content=\"Drying kiln Drying kiln is equipped with the rotating drum with replaceable lifters. Lifters can be changed according to the material properties. Tilt and rotational speed are adjustable. Drying air is heated up by the burner operating on natural gas. Drying kiln can be operated either in parallel or counter flow regime. Drying capacity 37.5&nbsp;kg\/h&hellip;\" \/>\n<meta property=\"og:url\" content=\"https:\/\/upi.fme.vutbr.cz\/en\/exper_zaklad\/drying-and-sintering-kilns\/\" \/>\n<meta property=\"og:site_name\" content=\"\u00dastav procesn\u00edho in\u017een\u00fdrstv\u00ed\" \/>\n<meta property=\"article:modified_time\" content=\"2022-04-08T06:50:39+00:00\" \/>\n<meta property=\"og:image\" content=\"https:\/\/upi.fme.vutbr.cz\/wp-content\/uploads\/2019\/09\/susici_a_sintrovaci_pec.jpg\" \/>\n\t<meta property=\"og:image:width\" content=\"650\" \/>\n\t<meta property=\"og:image:height\" content=\"319\" \/>\n\t<meta property=\"og:image:type\" content=\"image\/jpeg\" \/>\n<meta name=\"twitter:card\" content=\"summary_large_image\" \/>\n<meta name=\"twitter:label1\" content=\"Est. reading time\" \/>\n\t<meta name=\"twitter:data1\" content=\"1 minute\" \/>\n<script type=\"application\/ld+json\" class=\"yoast-schema-graph\">{\"@context\":\"https:\/\/schema.org\",\"@graph\":[{\"@type\":\"WebPage\",\"@id\":\"https:\/\/upi.fme.vutbr.cz\/en\/exper_zaklad\/drying-and-sintering-kilns\/\",\"url\":\"https:\/\/upi.fme.vutbr.cz\/en\/exper_zaklad\/drying-and-sintering-kilns\/\",\"name\":\"Drying and sintering kilns - \u00dastav procesn\u00edho in\u017een\u00fdrstv\u00ed\",\"isPartOf\":{\"@id\":\"https:\/\/upi.fme.vutbr.cz\/en\/#website\"},\"primaryImageOfPage\":{\"@id\":\"https:\/\/upi.fme.vutbr.cz\/en\/exper_zaklad\/drying-and-sintering-kilns\/#primaryimage\"},\"image\":{\"@id\":\"https:\/\/upi.fme.vutbr.cz\/en\/exper_zaklad\/drying-and-sintering-kilns\/#primaryimage\"},\"thumbnailUrl\":\"https:\/\/upi.fme.vutbr.cz\/wp-content\/uploads\/2019\/09\/susici_a_sintrovaci_pec.jpg\",\"datePublished\":\"2019-10-22T14:56:22+00:00\",\"dateModified\":\"2022-04-08T06:50:39+00:00\",\"breadcrumb\":{\"@id\":\"https:\/\/upi.fme.vutbr.cz\/en\/exper_zaklad\/drying-and-sintering-kilns\/#breadcrumb\"},\"inLanguage\":\"en-US\",\"potentialAction\":[{\"@type\":\"ReadAction\",\"target\":[\"https:\/\/upi.fme.vutbr.cz\/en\/exper_zaklad\/drying-and-sintering-kilns\/\"]}]},{\"@type\":\"ImageObject\",\"inLanguage\":\"en-US\",\"@id\":\"https:\/\/upi.fme.vutbr.cz\/en\/exper_zaklad\/drying-and-sintering-kilns\/#primaryimage\",\"url\":\"https:\/\/upi.fme.vutbr.cz\/wp-content\/uploads\/2019\/09\/susici_a_sintrovaci_pec.jpg\",\"contentUrl\":\"https:\/\/upi.fme.vutbr.cz\/wp-content\/uploads\/2019\/09\/susici_a_sintrovaci_pec.jpg\",\"width\":650,\"height\":319},{\"@type\":\"BreadcrumbList\",\"@id\":\"https:\/\/upi.fme.vutbr.cz\/en\/exper_zaklad\/drying-and-sintering-kilns\/#breadcrumb\",\"itemListElement\":[{\"@type\":\"ListItem\",\"position\":1,\"name\":\"Home\",\"item\":\"https:\/\/upi.fme.vutbr.cz\/en\/\"},{\"@type\":\"ListItem\",\"position\":2,\"name\":\"Drying and sintering kilns\"}]},{\"@type\":\"WebSite\",\"@id\":\"https:\/\/upi.fme.vutbr.cz\/en\/#website\",\"url\":\"https:\/\/upi.fme.vutbr.cz\/en\/\",\"name\":\"\u00dastav procesn\u00edho in\u017een\u00fdrstv\u00ed\",\"description\":\"\u00dastav procesn\u00edho in\u017een\u00fdrstv\u00ed\",\"potentialAction\":[{\"@type\":\"SearchAction\",\"target\":{\"@type\":\"EntryPoint\",\"urlTemplate\":\"https:\/\/upi.fme.vutbr.cz\/en\/?s={search_term_string}\"},\"query-input\":{\"@type\":\"PropertyValueSpecification\",\"valueRequired\":true,\"valueName\":\"search_term_string\"}}],\"inLanguage\":\"en-US\"}]}<\/script>\n<!-- \/ Yoast SEO plugin. -->","yoast_head_json":{"title":"Drying and sintering kilns - \u00dastav procesn\u00edho in\u017een\u00fdrstv\u00ed","robots":{"index":"index","follow":"follow","max-snippet":"max-snippet:-1","max-image-preview":"max-image-preview:large","max-video-preview":"max-video-preview:-1"},"canonical":"https:\/\/upi.fme.vutbr.cz\/en\/exper_zaklad\/drying-and-sintering-kilns\/","og_locale":"en_US","og_type":"article","og_title":"Drying and sintering kilns - \u00dastav procesn\u00edho in\u017een\u00fdrstv\u00ed","og_description":"Drying kiln Drying kiln is equipped with the rotating drum with replaceable lifters. Lifters can be changed according to the material properties. Tilt and rotational speed are adjustable. Drying air is heated up by the burner operating on natural gas. Drying kiln can be operated either in parallel or counter flow regime. Drying capacity 37.5&nbsp;kg\/h&hellip;","og_url":"https:\/\/upi.fme.vutbr.cz\/en\/exper_zaklad\/drying-and-sintering-kilns\/","og_site_name":"\u00dastav procesn\u00edho in\u017een\u00fdrstv\u00ed","article_modified_time":"2022-04-08T06:50:39+00:00","og_image":[{"width":650,"height":319,"url":"https:\/\/upi.fme.vutbr.cz\/wp-content\/uploads\/2019\/09\/susici_a_sintrovaci_pec.jpg","type":"image\/jpeg"}],"twitter_card":"summary_large_image","twitter_misc":{"Est. reading time":"1 minute"},"schema":{"@context":"https:\/\/schema.org","@graph":[{"@type":"WebPage","@id":"https:\/\/upi.fme.vutbr.cz\/en\/exper_zaklad\/drying-and-sintering-kilns\/","url":"https:\/\/upi.fme.vutbr.cz\/en\/exper_zaklad\/drying-and-sintering-kilns\/","name":"Drying and sintering kilns - \u00dastav procesn\u00edho in\u017een\u00fdrstv\u00ed","isPartOf":{"@id":"https:\/\/upi.fme.vutbr.cz\/en\/#website"},"primaryImageOfPage":{"@id":"https:\/\/upi.fme.vutbr.cz\/en\/exper_zaklad\/drying-and-sintering-kilns\/#primaryimage"},"image":{"@id":"https:\/\/upi.fme.vutbr.cz\/en\/exper_zaklad\/drying-and-sintering-kilns\/#primaryimage"},"thumbnailUrl":"https:\/\/upi.fme.vutbr.cz\/wp-content\/uploads\/2019\/09\/susici_a_sintrovaci_pec.jpg","datePublished":"2019-10-22T14:56:22+00:00","dateModified":"2022-04-08T06:50:39+00:00","breadcrumb":{"@id":"https:\/\/upi.fme.vutbr.cz\/en\/exper_zaklad\/drying-and-sintering-kilns\/#breadcrumb"},"inLanguage":"en-US","potentialAction":[{"@type":"ReadAction","target":["https:\/\/upi.fme.vutbr.cz\/en\/exper_zaklad\/drying-and-sintering-kilns\/"]}]},{"@type":"ImageObject","inLanguage":"en-US","@id":"https:\/\/upi.fme.vutbr.cz\/en\/exper_zaklad\/drying-and-sintering-kilns\/#primaryimage","url":"https:\/\/upi.fme.vutbr.cz\/wp-content\/uploads\/2019\/09\/susici_a_sintrovaci_pec.jpg","contentUrl":"https:\/\/upi.fme.vutbr.cz\/wp-content\/uploads\/2019\/09\/susici_a_sintrovaci_pec.jpg","width":650,"height":319},{"@type":"BreadcrumbList","@id":"https:\/\/upi.fme.vutbr.cz\/en\/exper_zaklad\/drying-and-sintering-kilns\/#breadcrumb","itemListElement":[{"@type":"ListItem","position":1,"name":"Home","item":"https:\/\/upi.fme.vutbr.cz\/en\/"},{"@type":"ListItem","position":2,"name":"Drying and sintering kilns"}]},{"@type":"WebSite","@id":"https:\/\/upi.fme.vutbr.cz\/en\/#website","url":"https:\/\/upi.fme.vutbr.cz\/en\/","name":"\u00dastav procesn\u00edho in\u017een\u00fdrstv\u00ed","description":"\u00dastav procesn\u00edho in\u017een\u00fdrstv\u00ed","potentialAction":[{"@type":"SearchAction","target":{"@type":"EntryPoint","urlTemplate":"https:\/\/upi.fme.vutbr.cz\/en\/?s={search_term_string}"},"query-input":{"@type":"PropertyValueSpecification","valueRequired":true,"valueName":"search_term_string"}}],"inLanguage":"en-US"}]}},"_links":{"self":[{"href":"https:\/\/upi.fme.vutbr.cz\/en\/wp-json\/wp\/v2\/exper_zaklad\/1924","targetHints":{"allow":["GET"]}}],"collection":[{"href":"https:\/\/upi.fme.vutbr.cz\/en\/wp-json\/wp\/v2\/exper_zaklad"}],"about":[{"href":"https:\/\/upi.fme.vutbr.cz\/en\/wp-json\/wp\/v2\/types\/exper_zaklad"}],"wp:featuredmedia":[{"embeddable":true,"href":"https:\/\/upi.fme.vutbr.cz\/en\/wp-json\/wp\/v2\/media\/1925"}],"wp:attachment":[{"href":"https:\/\/upi.fme.vutbr.cz\/en\/wp-json\/wp\/v2\/media?parent=1924"}],"curies":[{"name":"wp","href":"https:\/\/api.w.org\/{rel}","templated":true}]}}

<figure class="wp-block-image alignwide size-large"><img loading="lazy" decoding="async" width="650" height="319" src="https://upi.fme.vutbr.cz/wp-content/uploads/2019/09/susici_a_sintrovaci_pec.jpg" alt="" class="wp-image-1925" srcset="https://upi.fme.vutbr.cz/wp-content/uploads/2019/09/susici_a_sintrovaci_pec.jpg 650w, https://upi.fme.vutbr.cz/wp-content/uploads/2019/09/susici_a_sintrovaci_pec-300x147.jpg 300w" sizes="auto, (max-width: 650px) 100vw, 650px" /></figure>



<div style="height:40px" aria-hidden="true" class="wp-block-spacer"></div>



<h2 class="wp-block-heading">Drying kiln</h2>



<p>Drying kiln is equipped with the rotating drum with replaceable lifters. Lifters can be changed according to the material properties. Tilt and rotational speed are adjustable. Drying air is heated up by the burner operating on natural gas. Drying kiln can be operated either in parallel or counter flow regime.</p>



<div style="height:20px" aria-hidden="true" class="wp-block-spacer"></div>



<figure class="wp-block-table"><table><tbody><tr><td>Drying capacity</td><td>37.5&nbsp;kg/h of water</td></tr><tr><td>Variable tilt</td><td>1&nbsp;– 30&nbsp;%</td></tr><tr><td>Variable drum speed</td><td>0.1&nbsp;–6 rpm</td></tr><tr><td>Variable drying temperature</td><td>80&nbsp;– 350&nbsp;°C</td></tr><tr><td>Maximum material intake</td><td>max. 100&nbsp;kg/h</td></tr><tr><td>Output material humidity</td><td>20&nbsp;%</td></tr></tbody></table></figure>



<div style="height:40px" aria-hidden="true" class="wp-block-spacer"></div>



<h2 class="wp-block-heading">Sintering kiln</h2>



<p>Sintering kiln has variable length, it can be adjusted in a&nbsp;range from 3&nbsp;to 7&nbsp;meters. In front of the sintering kiln a&nbsp;container with the auger filler is located. The kiln has variable tilt and rotational speed, which affects the residence time of material. Both parallel and counter flow regimes are possible.</p>



<div style="height:20px" aria-hidden="true" class="wp-block-spacer"></div>



<figure class="wp-block-table"><table><tbody><tr><td>Capacity</td><td>35&nbsp;kg/h</td></tr><tr><td>Variable tilt</td><td>1&nbsp;– 30&nbsp;%</td></tr><tr><td>Variable drum speed</td><td>0.1&nbsp;– 6&nbsp;rpm</td></tr><tr><td>Maximum operating temperature</td><td>1350&nbsp;°C</td></tr><tr><td>Grain size of the material</td><td>3&nbsp;– 20&nbsp;mm</td></tr></tbody></table></figure>



<div style="height:40px" aria-hidden="true" class="wp-block-spacer"></div>



<h2 class="wp-block-heading">For download</h2>



<p><a href="https://upi.fme.vutbr.cz/wp-content/uploads/2022/04/Leták-Susící-a-sintrovací-pece-EN-bg.pdf">Leaflet of drying and sintering kilns</a>&nbsp;(PDF)</p>



<h2 class="wp-block-heading">Contact information</h2>



<p><a href="https://www.vut.cz/en/people/pavel-skryja-16849">Ing. Pavel SKRYJA, Ph.D.</a><br>Institute of Process Engineering<br>building <a href="http://www.fme.vutbr.cz/planek/">D5 (NETME Centre)</a>, 4<sup>th</sup> floor, office No. 441<br>e-mail: <a href="mailto:skryja@fme.vutbr.cz">skryja@fme.vutbr.cz</a><br>phone: +420 541 144 958</p>

<!-- This site is optimized with the Yoast SEO plugin v24.5 - https://yoast.com/wordpress/plugins/seo/ -->
<title>Drying and sintering kilns - Ústav procesního inženýrství</title>
<meta name="robots" content="index, follow, max-snippet:-1, max-image-preview:large, max-video-preview:-1" />
<link rel="canonical" href="https://upi.fme.vutbr.cz/en/exper_zaklad/drying-and-sintering-kilns/" />
<meta property="og:locale" content="en_US" />
<meta property="og:type" content="article" />
<meta property="og:title" content="Drying and sintering kilns - Ústav procesního inženýrství" />
<meta property="og:description" content="Drying kiln Drying kiln is equipped with the rotating drum with replaceable lifters. Lifters can be changed according to the material properties. Tilt and rotational speed are adjustable. Drying air is heated up by the burner operating on natural gas. Drying kiln can be operated either in parallel or counter flow regime. Drying capacity 37.5&nbsp;kg/h&hellip;" />
<meta property="og:url" content="https://upi.fme.vutbr.cz/en/exper_zaklad/drying-and-sintering-kilns/" />
<meta property="og:site_name" content="Ústav procesního inženýrství" />
<meta property="article:modified_time" content="2022-04-08T06:50:39+00:00" />
<meta property="og:image" content="https://upi.fme.vutbr.cz/wp-content/uploads/2019/09/susici_a_sintrovaci_pec.jpg" />
	<meta property="og:image:width" content="650" />
	<meta property="og:image:height" content="319" />
	<meta property="og:image:type" content="image/jpeg" />
<meta name="twitter:card" content="summary_large_image" />
<meta name="twitter:label1" content="Est. reading time" />
	<meta name="twitter:data1" content="1 minute" />
<script type="application/ld+json" class="yoast-schema-graph">{"@context":"https://schema.org","@graph":[{"@type":"WebPage","@id":"https://upi.fme.vutbr.cz/en/exper_zaklad/drying-and-sintering-kilns/","url":"https://upi.fme.vutbr.cz/en/exper_zaklad/drying-and-sintering-kilns/","name":"Drying and sintering kilns - Ústav procesního inženýrství","isPartOf":{"@id":"https://upi.fme.vutbr.cz/en/#website"},"primaryImageOfPage":{"@id":"https://upi.fme.vutbr.cz/en/exper_zaklad/drying-and-sintering-kilns/#primaryimage"},"image":{"@id":"https://upi.fme.vutbr.cz/en/exper_zaklad/drying-and-sintering-kilns/#primaryimage"},"thumbnailUrl":"https://upi.fme.vutbr.cz/wp-content/uploads/2019/09/susici_a_sintrovaci_pec.jpg","datePublished":"2019-10-22T14:56:22+00:00","dateModified":"2022-04-08T06:50:39+00:00","breadcrumb":{"@id":"https://upi.fme.vutbr.cz/en/exper_zaklad/drying-and-sintering-kilns/#breadcrumb"},"inLanguage":"en-US","potentialAction":[{"@type":"ReadAction","target":["https://upi.fme.vutbr.cz/en/exper_zaklad/drying-and-sintering-kilns/"]}]},{"@type":"ImageObject","inLanguage":"en-US","@id":"https://upi.fme.vutbr.cz/en/exper_zaklad/drying-and-sintering-kilns/#primaryimage","url":"https://upi.fme.vutbr.cz/wp-content/uploads/2019/09/susici_a_sintrovaci_pec.jpg","contentUrl":"https://upi.fme.vutbr.cz/wp-content/uploads/2019/09/susici_a_sintrovaci_pec.jpg","width":650,"height":319},{"@type":"BreadcrumbList","@id":"https://upi.fme.vutbr.cz/en/exper_zaklad/drying-and-sintering-kilns/#breadcrumb","itemListElement":[{"@type":"ListItem","position":1,"name":"Home","item":"https://upi.fme.vutbr.cz/en/"},{"@type":"ListItem","position":2,"name":"Drying and sintering kilns"}]},{"@type":"WebSite","@id":"https://upi.fme.vutbr.cz/en/#website","url":"https://upi.fme.vutbr.cz/en/","name":"Ústav procesního inženýrství","description":"Ústav procesního inženýrství","potentialAction":[{"@type":"SearchAction","target":{"@type":"EntryPoint","urlTemplate":"https://upi.fme.vutbr.cz/en/?s={search_term_string}"},"query-input":{"@type":"PropertyValueSpecification","valueRequired":true,"valueName":"search_term_string"}}],"inLanguage":"en-US"}]}</script>
<!-- / Yoast SEO plugin. -->

Drying and sintering kilns - Ústav procesního inženýrství

Ústav procesního inženýrství
